53?
3
What is the tens digit of 224167083?
8
What is the hundred thousands digit of 7216919694?
9
What is the millions digit of 469210627?
9
What is the hundreds digit of 3578074828?
8
What is the millions digit of 238209375?
8
What is the ten thousands digit of 369389973?
8
What is the thousands digit of 2703312810?
2
What is the hundreds digit of 35799737?
7
What is the hundred millions digit of 205206613?
2
What is the hundreds digit of 344945816?
8
What is the thousands digit of 33408522?
8
What is the millions digit of 1964037667?
4
What is the hundred thousands digit of 113114122?
1
What is the hundred thousands digit of 85401648?
4
What is the units digit of 4932471645?
5
What is the millions digit of 11758485?
1
What is the ten millions digit of 39303042?
3
What is the thousands digit of 504600917?
0
What is the units digit of 45012408?
8
What is the hundred millions digit of 4851105887?
8
What is the thousands digit of 33056805?
6
What is the ten millions digit of 3578830497?
7
What is the tens digit of 65813927?
2
What is the hundred millions digit of 628165968?
6
What is the tens digit of 779141474?
7
What is the ten millions digit of 62441776?
6
What is the hundred millions digit of 251112817?
2
What is the millions digit of 569737148?
9
What is the millions digit of 167188641?
7
What is the hundred thousands digit of 695422209?
4
What is the millions digit of 58649617?
8
What is the hundreds digit of 362744517?
5
What is the hundred millions digit of 294738387?
2
What is the millions digit of 18382721?
8
What is the hundreds digit of 28924825?
8
What is the hundred thousands digit of 39655710?
6
What is the hundreds digit of 110008225?
2
What is the ten thousands digit of 200986080?
8
What is the hundred millions digit of 6989751838?
9
What is the millions digit of 2693498539?
3
What is the thousands digit of 93324350?
4
What is the units digit of 8208019?
9
What is the ten millions digit of 470245026?
7
What is the hundred thousands digit of 2231306773?
3
What is the ten thousands digit of 82060706?
6
What is the hundred thousands digit of 51232763?
2
What is the hundred thousands digit of 304234890?
2
What is the millions digit of 616833549?
6
What is the millions digit of 110732284?
0
What is the hundred millions digit of 236318989?
2
What is the units digit of 727204848?
8
What is the tens digit of 1051123757?
5
What is the ten thousands digit of 1562440434?
4
What is the millions digit of 600756407?
0
What is the hundred thousands digit of 550011470?
0
What is the units digit of 269038435?
5
What is the hundred millions digit of 130567814?
1
What is the thousands digit of 37291790?
1
What is the ten thousands digit of 1537308658?
0
What is the ten millions digit of 296309217?
9
What is the tens digit of 1845224546?
4
What is the millions digit of 16589367?
6
What is the ten thousands digit of 1523106841?
0
What is the hundreds digit of 3237260672?
6
What is the ten millions digit of 1821633185?
2
What is the tens digit of 717887482?
8
What is the hundred thousands digit of 1509896477?
8
What is the tens digit of 693866509?
0
What is the millions digit of 77180681?
7
What is the units digit of 1391417?
7
What is the millions digit of 197302692?
7
What is the hundred millions digit of 328608583?
3
What is the tens digit of 3043562947?
4
What is the hundred thousands digit of 73616496?
6
What is the hundred thousands digit of 556909037?
9
What is the units digit of 123400135?
5
What is the ten thousands digit of 585188542?
8
What is the thousands digit of 130080525?
0
What is the millions digit of 175442468?
5
What is the units digit of 1095452103?
3
What is the units digit of 3482124552?
2
What is the hundred thousands digit of 436802605?
8
What is the ten millions digit of 884618294?
8
What is the hundred thousands digit of 3379096307?
0
What is the ten millions digit of 191714106?
9
What is the thousands digit of 95245980?
5
What is the hundred thousands digit of 446704276?
7
What is the units digit of 149799496?
6
What is the thousands digit of 2510499950?
9
What is the tens digit of 105688320?
2
What is the ten thousands digit of 269438862?
3
What is the millions digit of 396216821?
6
What is the ten thousands digit of 15183023?
8
What is the ten millions digit of 243090674?
4
What is the hundreds digit of 197160645?
6
What is the units digit of 654243884?
4
What is the ten thousands digit of 1846361631?
6
What is the thousands digit of 39915926?
5
What is the tens digit of 520639987?
8
What is the hundreds digit of 46920104?
1
What is the millions digit of 197462085?
7
What is the hundred millions digit of 458231445?
4
What is the ten thousands digit of 22070378?
7
What is the ten millions digit of 39028310?
3
What is the hundred thousands digit of 73179680?
1
What is the units digit of 3018761429?
9
What is the millions digit of 5039853591?
9
What is the thousands digit of 823061990?
1
What is the millions digit of 528924461?
8
What is the tens digit of 93930436?
3
What is the thousands digit of 100517404?
7
What is the hundreds digit of 191809459?
4
What is the tens digit of 2857795?
9
What is the ten thousands digit of 6961980?
6
What is the hundreds digit of 3121109745?
7
What is the ten thousands digit of 61618295?
1
What is the hundreds digit of 1001154?
1
What is the hundred millions digit of 382213409?
3
What is the ten millions digit of 710984605?
1
What is the ten thousands digit of 316495928?
9
What is the units digit of 12583529?
9
What is the tens digit of 71013534?
3
What is the hundreds digit of 139890813?
8
What is the millions digit of 196342529?
6
What is the ten millions digit of 229423228?
2
What is the units digit of 1064163961?
1
What is the ten thousands digit of 4532323?
3
What is the millions digit of 7677789?
7
What is the hundred thousands digit of 25975311?
9
What is the hundred thousands digit of 7522144?
5
What is the hundreds digit of 9535013?
0
What is the ten millions digit of 99964655?
9
What is the tens digit of 25824001?
0
What is the ten thousands digit of 62534938?
3
What is the units digit of 310368?
8
What is the ten millions digit of 585040904?
8
What is the millions digit of 48960738?
8
What is the hundreds digit of 34367719?
7
What is the ten millions digit of 1880352108?
8
What is the thousands digit of 72984893?
4
What is the tens digit of 1666572069?
6
What is the hundred thousands digit of 41852864?
8
What is the hundreds digit of 722321018?
0
What is the units digit of 149955827?
7
What is the ten millions digit of 189789982?
8
What is the millions digit of 230226229?
0
What is the ten thousands digit of 55931369?
3
What is the tens digit of 94765402?
0
What is the millions digit of 47858071?
7
What is the tens digit of 21094790?
9
What is the thousands digit of 1015811438?
1
What is the millions digit of 40640476?
0
What is the ten thousands digit of 130059993?
5
What is the thousands digit of 994824005?
4
What is the hundreds digit of 13522497?
4
What is the units digit of 39774107?
7
What is the ten millions digit of 940262556?
4
What is the hundred thousands digit of 43843032?
8
What is the millions digit of 20908644?
0
What is the hundred millions digit of 2938043802?
9
What is the hundreds digit of 3059320407?
4
What is the units digit of 1353072276?
6
What is the units digit of 670645774?
4
What is the tens digit of 45170974?
7
What is the ten thousands digit of 1892076304?
7
What is the ten millions digit of 162730793?
6
What is the hundreds digit of 578608173?
1
What is the hundred thousands digit of 345672357?
6
What is the thousands digit of 250158090?
8
What is the hundred thousands digit of 430921653?
9
What is the millions digit of 57175684?
7
What is the units digit of 52940775?
5
What is the millions digit of 8123757?
8
What is the hundreds digit of 1162780919?
9
What is the thousands digit of 1169759?
9
What is the tens digit of 6290672?
7
What is the units digit of 31438388?
8
What is the millions digit of 77762815?
7
What is the thousands digit of 259511958?
1
What is the units digit of 676262780?
0
What is the hundreds digit of 19318472?
4
What is the ten thousands digit of 685316872?
1
What is the ten thousands digit of 95390911?
9
What is the ten th